{"id":48,"date":"2018-08-20T15:18:46","date_gmt":"2018-08-20T13:18:46","guid":{"rendered":"https:\/\/sirenestory.ch\/?page_id=48"},"modified":"2020-08-18T17:00:19","modified_gmt":"2020-08-18T15:00:19","slug":"materiel","status":"publish","type":"page","link":"https:\/\/sirenestory.ch\/?page_id=48","title":{"rendered":"Mat\u00e9riel"},"content":{"rendered":"\n<p><strong>Pour tous nos cours le pr\u00eat du mat\u00e9riel est compris dans le prix.<\/strong><br><strong>Vous pouvez venir simplement avec votre maillot de bain, un linge et \u00e9ventuellement une paire de lunettes de natation pour plus de confort.<br><br><\/strong><\/p>\n\n\n\n<p>Nous avons test\u00e9 trois types de queues diff\u00e9rentes&nbsp;:<br><br><\/p>\n\n\n\n<h3><strong>FINFUN<\/strong><\/h3>\n\n\n\n<p><strong><\/strong> <a href=\"http:\/\/www.finfunmermaid.com\/\">www.finfunmermaid.com<\/a> aux USA<\/p>\n\n\n\n<p>La monopalme est tr\u00e8s souple, confortable et entour\u00e9e de n\u00e9opr\u00e8ne.<br>Elle est id\u00e9ale pour les enfants et les adultes d\u00e9butants.<br>\u00c0 la longue, des d\u00e9chirures se forment au niveau des chaussons et des pointes.<br>Les costumes sont de tr\u00e8s bonne qualit\u00e9 et ils ont un vaste choix. On peut m\u00eame dessiner son propre costume.<br><br><br><\/p>\n\n\n\n<h3><strong>SUNTAIL<\/strong><\/h3>\n\n\n\n<p><a href=\"http:\/\/www.mjss.ch\/\">www.mjss.ch<\/a> en Suisse<\/p>\n\n\n\n<p>La monopalme est souple, un peu moins confortable et difficile \u00e0 enfiler pour les adultes qui ont des grands pieds.<br>Les costumes sont de bonne qualit\u00e9.<br><br><br><\/p>\n\n\n\n<h3><strong>KUAKI<\/strong><\/h3>\n\n\n\n<p> <a href=\"http:\/\/www.kuakimermaids.com\/\">www.kuakimermaids.com<\/a><\/p>\n\n\n\n<p>Monopalme adapt\u00e9e aux petits pieds pointure entre 30-34. Bon rapport qualit\u00e9-prix.<br><br><br><\/p>\n\n\n\n<p>En test actuellement&nbsp;:<\/p>\n\n\n\n<h3><strong>MERMAID LINDEN<\/strong><\/h3>\n\n\n\n<p><br><br><\/p>\n\n\n\n<p><strong>Nous d\u00e9conseillons fortement les sites comme Wish, Alibaba ainsi que les monopalmes que l\u2019ont peut trouver chez Lidle ou Manor.&nbsp;Ce mat\u00e9riel fragile se casse facilement et peut \u00eatre dangereux (coupure sous la plante des pieds).<\/strong><\/p>\n","protected":false},"excerpt":{"rendered":"<p>Pour tous nos cours le pr\u00eat du mat\u00e9riel est compris dans le prix.Vous pouvez venir simplement avec votre maillot de bain, un linge et \u00e9ventuellement&#8230;<\/p>\n","protected":false},"author":1,"featured_media":0,"parent":0,"menu_order":0,"comment_status":"closed","ping_status":"closed","template":"","meta":[],"yoast_head":"<!-- This site is optimized with the Yoast SEO plugin v17.6 - https:\/\/yoast.com\/wordpress\/plugins\/seo\/ -->\n<title>Mat\u00e9riel - une histoire de sir\u00e8nes ...<\/title>\n<meta name=\"description\" content=\"Pour tous nos cours le pr\u00eat du mat\u00e9riel est compris dans le prix.\" \/>\n<meta name=\"robots\" content=\"index, follow, max-snippet:-1, max-image-preview:large, max-video-preview:-1\" \/>\n<link rel=\"canonical\" href=\"https:\/\/sirenestory.ch\/?page_id=48\" \/>\n<meta property=\"og:locale\" content=\"fr_FR\" \/>\n<meta property=\"og:type\" content=\"article\" \/>\n<meta property=\"og:title\" content=\"Mat\u00e9riel - une histoire de sir\u00e8nes ...\" \/>\n<meta property=\"og:description\" content=\"Pour tous nos cours le pr\u00eat du mat\u00e9riel est compris dans le prix.\" \/>\n<meta property=\"og:url\" content=\"https:\/\/sirenestory.ch\/?page_id=48\" \/>\n<meta property=\"og:site_name\" content=\"une histoire de sir\u00e8nes ...\" \/>\n<meta property=\"article:modified_time\" content=\"2020-08-18T15:00:19+00:00\" \/>\n<meta name=\"twitter:card\" content=\"summary_large_image\" \/>\n<meta name=\"twitter:label1\" content=\"Dur\u00e9e de lecture estim\u00e9e\" \/>\n\t<meta name=\"twitter:data1\" content=\"1 minute\" \/>\n<script type=\"application\/ld+json\" class=\"yoast-schema-graph\">{\"@context\":\"https:\/\/schema.org\",\"@graph\":[{\"@type\":[\"Person\",\"Organization\"],\"@id\":\"https:\/\/sirenestory.ch\/#\/schema\/person\/c4bed59c1e345d69f72caa0f75d011cc\",\"name\":\"Sandrine Germanier\",\"image\":{\"@type\":\"ImageObject\",\"@id\":\"https:\/\/sirenestory.ch\/#personlogo\",\"inLanguage\":\"fr-FR\",\"url\":\"https:\/\/secure.gravatar.com\/avatar\/75667999e326e6b1d02b7ae6f81b5b50?s=96&d=mm&r=g\",\"contentUrl\":\"https:\/\/secure.gravatar.com\/avatar\/75667999e326e6b1d02b7ae6f81b5b50?s=96&d=mm&r=g\",\"caption\":\"Sandrine Germanier\"},\"logo\":{\"@id\":\"https:\/\/sirenestory.ch\/#personlogo\"},\"sameAs\":[\"http:\/\/www.sirenestory.ch\"]},{\"@type\":\"WebSite\",\"@id\":\"https:\/\/sirenestory.ch\/#website\",\"url\":\"https:\/\/sirenestory.ch\/\",\"name\":\"une histoire de sir\\u00e8nes ...\",\"description\":\"Osez le r\\u00eave, plongez avec nous !\",\"publisher\":{\"@id\":\"https:\/\/sirenestory.ch\/#\/schema\/person\/c4bed59c1e345d69f72caa0f75d011cc\"},\"potentialAction\":[{\"@type\":\"SearchAction\",\"target\":{\"@type\":\"EntryPoint\",\"urlTemplate\":\"https:\/\/sirenestory.ch\/?s={search_term_string}\"},\"query-input\":\"required name=search_term_string\"}],\"inLanguage\":\"fr-FR\"},{\"@type\":\"WebPage\",\"@id\":\"https:\/\/sirenestory.ch\/?page_id=48#webpage\",\"url\":\"https:\/\/sirenestory.ch\/?page_id=48\",\"name\":\"Mat\\u00e9riel - une histoire de sir\\u00e8nes ...\",\"isPartOf\":{\"@id\":\"https:\/\/sirenestory.ch\/#website\"},\"datePublished\":\"2018-08-20T13:18:46+00:00\",\"dateModified\":\"2020-08-18T15:00:19+00:00\",\"description\":\"Pour tous nos cours le pr\\u00eat du mat\\u00e9riel est compris dans le prix.\",\"breadcrumb\":{\"@id\":\"https:\/\/sirenestory.ch\/?page_id=48#breadcrumb\"},\"inLanguage\":\"fr-FR\",\"potentialAction\":[{\"@type\":\"ReadAction\",\"target\":[\"https:\/\/sirenestory.ch\/?page_id=48\"]}]},{\"@type\":\"BreadcrumbList\",\"@id\":\"https:\/\/sirenestory.ch\/?page_id=48#breadcrumb\",\"itemListElement\":[{\"@type\":\"ListItem\",\"position\":1,\"name\":\"Accueil\",\"item\":\"https:\/\/sirenestory.ch\/\"},{\"@type\":\"ListItem\",\"position\":2,\"name\":\"Mat\\u00e9riel\"}]}]}<\/script>\n<!-- \/ Yoast SEO plugin. -->","yoast_head_json":{"title":"Mat\u00e9riel - une histoire de sir\u00e8nes ...","description":"Pour tous nos cours le pr\u00eat du mat\u00e9riel est compris dans le prix.","robots":{"index":"index","follow":"follow","max-snippet":"max-snippet:-1","max-image-preview":"max-image-preview:large","max-video-preview":"max-video-preview:-1"},"canonical":"https:\/\/sirenestory.ch\/?page_id=48","og_locale":"fr_FR","og_type":"article","og_title":"Mat\u00e9riel - une histoire de sir\u00e8nes ...","og_description":"Pour tous nos cours le pr\u00eat du mat\u00e9riel est compris dans le prix.","og_url":"https:\/\/sirenestory.ch\/?page_id=48","og_site_name":"une histoire de sir\u00e8nes ...","article_modified_time":"2020-08-18T15:00:19+00:00","twitter_card":"summary_large_image","twitter_misc":{"Dur\u00e9e de lecture estim\u00e9e":"1 minute"},"schema":{"@context":"https:\/\/schema.org","@graph":[{"@type":["Person","Organization"],"@id":"https:\/\/sirenestory.ch\/#\/schema\/person\/c4bed59c1e345d69f72caa0f75d011cc","name":"Sandrine Germanier","image":{"@type":"ImageObject","@id":"https:\/\/sirenestory.ch\/#personlogo","inLanguage":"fr-FR","url":"https:\/\/secure.gravatar.com\/avatar\/75667999e326e6b1d02b7ae6f81b5b50?s=96&d=mm&r=g","contentUrl":"https:\/\/secure.gravatar.com\/avatar\/75667999e326e6b1d02b7ae6f81b5b50?s=96&d=mm&r=g","caption":"Sandrine Germanier"},"logo":{"@id":"https:\/\/sirenestory.ch\/#personlogo"},"sameAs":["http:\/\/www.sirenestory.ch"]},{"@type":"WebSite","@id":"https:\/\/sirenestory.ch\/#website","url":"https:\/\/sirenestory.ch\/","name":"une histoire de sir\u00e8nes ...","description":"Osez le r\u00eave, plongez avec nous !","publisher":{"@id":"https:\/\/sirenestory.ch\/#\/schema\/person\/c4bed59c1e345d69f72caa0f75d011cc"},"potentialAction":[{"@type":"SearchAction","target":{"@type":"EntryPoint","urlTemplate":"https:\/\/sirenestory.ch\/?s={search_term_string}"},"query-input":"required name=search_term_string"}],"inLanguage":"fr-FR"},{"@type":"WebPage","@id":"https:\/\/sirenestory.ch\/?page_id=48#webpage","url":"https:\/\/sirenestory.ch\/?page_id=48","name":"Mat\u00e9riel - une histoire de sir\u00e8nes ...","isPartOf":{"@id":"https:\/\/sirenestory.ch\/#website"},"datePublished":"2018-08-20T13:18:46+00:00","dateModified":"2020-08-18T15:00:19+00:00","description":"Pour tous nos cours le pr\u00eat du mat\u00e9riel est compris dans le prix.","breadcrumb":{"@id":"https:\/\/sirenestory.ch\/?page_id=48#breadcrumb"},"inLanguage":"fr-FR","potentialAction":[{"@type":"ReadAction","target":["https:\/\/sirenestory.ch\/?page_id=48"]}]},{"@type":"BreadcrumbList","@id":"https:\/\/sirenestory.ch\/?page_id=48#breadcrumb","itemListElement":[{"@type":"ListItem","position":1,"name":"Accueil","item":"https:\/\/sirenestory.ch\/"},{"@type":"ListItem","position":2,"name":"Mat\u00e9riel"}]}]}},"_links":{"self":[{"href":"https:\/\/sirenestory.ch\/index.php?rest_route=\/wp\/v2\/pages\/48"}],"collection":[{"href":"https:\/\/sirenestory.ch\/index.php?rest_route=\/wp\/v2\/pages"}],"about":[{"href":"https:\/\/sirenestory.ch\/index.php?rest_route=\/wp\/v2\/types\/page"}],"author":[{"embeddable":true,"href":"https:\/\/sirenestory.ch\/index.php?rest_route=\/wp\/v2\/users\/1"}],"replies":[{"embeddable":true,"href":"https:\/\/sirenestory.ch\/index.php?rest_route=%2Fwp%2Fv2%2Fcomments&post=48"}],"version-history":[{"count":15,"href":"https:\/\/sirenestory.ch\/index.php?rest_route=\/wp\/v2\/pages\/48\/revisions"}],"predecessor-version":[{"id":712,"href":"https:\/\/sirenestory.ch\/index.php?rest_route=\/wp\/v2\/pages\/48\/revisions\/712"}],"wp:attachment":[{"href":"https:\/\/sirenestory.ch\/index.php?rest_route=%2Fwp%2Fv2%2Fmedia&parent=48"}],"curies":[{"name":"wp","href":"https:\/\/api.w.org\/{rel}","templated":true}]}}